 and 64?
64
What is the greatest common factor of 240533 and 17?
17
What is the highest common divisor of 392 and 73500?
196
Calculate the highest common factor of 280 and 147070.
70
What is the highest common factor of 659929 and 959?
137
Calculate the highest common factor of 33127 and 5697.
211
Calculate the greatest common factor of 3 and 24412.
1
Calculate the highest common factor of 170 and 30102.
2
Calculate the greatest common factor of 1290 and 198789.
129
Calculate the highest common divisor of 409274 and 344.
86
Calculate the highest common divisor of 110 and 166474.
22
What is the highest common divisor of 249 and 249913?
83
Calculate the highest common divisor of 9405 and 340290.
855
Calculate the greatest common divisor of 88563 and 1.
1
What is the highest common divisor of 22698 and 1155076?
2522
Calculate the highest common divisor of 6363 and 504.
63
What is the highest common factor of 470 and 4820?
10
What is the highest common divisor of 1212 and 24543?
303
Calculate the highest common divisor of 5276 and 64.
4
What is the highest common factor of 16640 and 72?
8
What is the highest common divisor of 534968 and 56?
56
What is the highest common factor of 44 and 253385?
11
What is the greatest common factor of 2230394 and 3336?
278
Calculate the highest common divisor of 5008 and 688.
16
What is the greatest common factor of 23966 and 552?
46
What is the highest common factor of 2884 and 854?
14
What is the greatest common divisor of 915948 and 8224?
1028
What is the greatest common factor of 6928 and 25008?
16
Calculate the greatest common divisor of 297 and 37521.
99
What is the highest common factor of 45 and 36864?
9
Calculate the greatest common factor of 825 and 968055.
165
What is the highest common divisor of 1143 and 24638?
127
Calculate the highest common factor of 13104 and 13328.
112
Calculate the greatest common divisor of 5 and 2089.
1
What is the greatest common divisor of 9648 and 24723?
603
What is the greatest common factor of 406760 and 80?
40
What is the highest common factor of 569452 and 104?
52
What is the highest common divisor of 177319 and 9?
1
What is the greatest common divisor of 100820 and 1680?
20
What is the highest common divisor of 1145592 and 588?
84
What is the greatest common factor of 88199 and 267?
89
Calculate the greatest common divisor of 1009 and 4.
1
What is the greatest common factor of 57 and 247038?
57
Calculate the highest common divisor of 97752 and 48.
24
What is the highest common factor of 8475 and 4407?
339
What is the highest common factor of 123349 and 2595?
173
Calculate the highest common divisor of 264 and 979.
11
What is the greatest common factor of 11 and 72094?
11
Calculate the highest common factor of 44 and 123761.
11
What is the highest common factor of 1887 and 4845187?
629
Calculate the greatest common factor of 2097 and 132577.
233
Calculate the highest common divisor of 1484945 and 2090.
1045
What is the highest common factor of 77605 and 55?
55
What is the greatest common divisor of 115116 and 106?
106
What is the highest common divisor of 1305375 and 1875?
375
What is the greatest common factor of 868 and 3892?
28
Calculate the greatest common divisor of 1914 and 1798.
58
Calculate the greatest common factor of 1821 and 1804004.
607
What is the greatest common divisor of 7721 and 7?
7
Calculate the highest common divisor of 1329 and 2041787.
443
Calculate the highest common factor of 11476 and 7372.
76
What is the highest common divisor of 572 and 64597?
13
What is the highest common divisor of 56086 and 6148?
58
Calculate the greatest common divisor of 142215 and 760.
95
Calculate the greatest common divisor of 5488 and 504.
56
Calculate the greatest common divisor of 2990 and 24219.
299
What is the greatest common factor of 459 and 512703?
459
What is the greatest common factor of 31487 and 46?
23
Calculate the highest common divisor of 1 and 399219.
1
Calculate the greatest common factor of 9858282 and 42.
42
Calculate the highest common factor of 2856 and 2592.
24
What is the highest common divisor of 44744 and 4760?
952
What is the greatest common divisor of 40833 and 351?
117
Calculate the greatest common factor of 6913 and 7254.
31
What is the highest common factor of 32631 and 5037?
219
What is the highest common factor of 26 and 297856?
26
What is the highest common divisor of 272739 and 32157?
1191
What is the greatest common divisor of 23 and 2599?
23
What is the greatest common divisor of 5067248 and 8?
8
Calculate the greatest common divisor of 1078 and 1177.
11
What is the highest common factor of 4875 and 37440?
195
Calculate the greatest common divisor of 19467 and 4053.
21
What is the highest common divisor of 204 and 28101?
51
What is the greatest common divisor of 360300 and 180?
60
Calculate the highest common factor of 145 and 3940.
5
Calculate the highest common divisor of 13861 and 16700.
167
What is the greatest common divisor of 138438 and 72?
18
Calculate the greatest common divisor of 461 and 1012817.
461
Calculate the highest common divisor of 78 and 274956.
6
What is the highest common divisor of 351 and 3942?
27
What is the highest common divisor of 10575 and 1575?
225
Calculate the greatest common divisor of 166629 and 20725.
829
What is the greatest common factor of 10038 and 12?
6
What is the greatest common divisor of 147 and 4487?
7
Calculate the greatest common divisor of 260604 and 1368.
684
What is the greatest common divisor of 10 and 377090?
10
What is the greatest common factor of 19 and 1283222?
19
What is the greatest common divisor of 300 and 191500?
100
What is the highest common factor of 268 and 70417?
67
What is the greatest common factor of 2856 and 58128?
168
Calculate the highest common divisor of 89625 and 750.
375
What is the highest common factor of 1798 and 5974?
58
What is the greatest common factor of 1610 and 7567?
161
Calculate the greatest common factor of 136 and 139655.
17
Calculate the greatest common factor of 198 and 23672.
22
Calculate the greatest common factor of 36164 and 4.
4
What is the highest common divisor of 25752 and 261?
87
What is the greatest common divisor of 118 and 60062?
118
Calculate the highest common factor of 483 and 756.
21
Calculate the greatest common factor of 3474664 and 306.
34
Calculate the greatest common divisor of 305 and 5923100.
305
What is the greatest common factor of 36406 and 501?
167
Calculate the greatest common divisor of 13 and 930163.
13
Calculate the greatest common factor of 30221 and 231480.
643
Calculate the greatest common divisor of 176175 and 87.
87
What is the highest common divisor of 369545 and 110?
55
Calculate the greatest common factor of 115870 and 10.
10
What is the greatest common factor of 148 and 4436?
4
What is the greatest common factor of 9309 and 261?
87
What is the greatest common divisor of 54140 and 40?
20
Calculate the greatest common factor of 3808 and 44268.
476
Calculate the highest common divisor of 1616 and 10288.
16
Calculate the greatest common divisor of 6456 and 24.
24
What is the greatest common divisor of 117740 and 42?
14
Calculate the greatest common divisor of 31136 and 16.
16
Calculate the greatest common factor of 155088 and 9936.
432
Calculate the greatest common divisor of 1437 and 1113675.
1437
Calculate the greatest common divisor of 4928 and 6787.
11
Calculate the highest common factor of 2436 and 4977.
21
What is the highest common divisor of 92450 and 2408?
86
What is the greatest common factor of 969 and 7803?
51
What is the greatest common factor of 5704 and 1150?
46
Calculate the greatest common factor of 41 and 465719.
41
What is the greatest common divisor of 61585 and 16385?
565
Calculate the greatest common factor of 789 and 31823.
263
What is the highest common divisor of 420 and 3603?
3
Calculate the greatest common factor of 169 and 111358.
13
What is the greatest common factor of 16396 and 52?
4
Calculate the greatest common factor of 72 and 402183.
9
What is the highest common divisor of 2 and 6159?
1
What is the highest common divisor of 43 and 317254?
43
What is the highest common divisor of 4472541 and 9?
9
Calculate the greatest common divisor of 54119 and 5681.
299
What is the 